rue
Suppose 3*i + 445 + 1649 = 3*s, 3*s - 4*i = 2095. Is s a prime number?
False
Suppose -q + 4*w + 12 = -4, 4*q - 2*w = 36. Is (-3678)/(-2)*q/24 composite?
False
Let w = -136 - -627. Is w composite?
False
Let g(h) = -500*h + 9. Is g(-8) composite?
True
Suppose 5*x + 28*k - 27*k = 72208, x - 3*k = 14432. Is x prime?
False
Suppose -m - 5*y + 21 = m, -5*m + 44 = 4*y. Let i be ((-1)/(-2))/(m/48). Is (i/(-4))/((-2)/776) composite?
True
Suppose 0 = -q + l + 10, 7*l - 3*l - 23 = -5*q. Let v(h) = -h**3 + 8*h**2 - 9*h + 9. Let i be v(q). Let m = i - -11. Is m a composite number?
True
Let g be 9114/4 + (-8)/(-16). Suppose -3*f + 2*p = -1377, 0*f - 2*p = 5*f - g. Let w = -240 + f. Is w a prime number?
False
Let r be ((-12)/18)/((-2)/6). Suppose r*g + 2*w = 1036, -w + 1228 + 318 = 3*g. Is g/6 + (-2)/3 a composite number?
True
Suppose 12 = -3*t + 2*t. Is ((-3855)/(-12))/((-3)/t) a prime number?
False
Suppose -5*g - 2 = -2*i, i + 5*g - g + 25 = 0. Let o(w) = -w**3 - 7*w**2 + 16*w - 12. Let j be o(i). Is (j/(-4))/(15/(-950)) prime?
False
Suppose 30948 = 74*b - 70*b. Is b prime?
False
Let q be (1 - 0) + (-9)/3. Let k be q/((-32)/(-20) - 2). Suppose 3*a = k + 10, -2*a = 5*b - 1205. Is b a composite number?
False
Suppose 0 = -2*a - 5*h, a - 4*a - 2*h = -11. Suppose 0 = m - 2*t - 202, -m - a*t = -3*m + 408. Is m a composite number?
True
Suppose -5*w - 7*w = -23676. Is w composite?
False
Suppose 2*j = -1046 + 1042. Let s be 4/6 + (-110)/(-6). Let d = s - j. Is d prime?
False
Is (-116)/348 + (-6596)/(-6) a prime number?
False
Is (42041 - 1) + (-49)/(-49) composite?
True
Suppose -2*b = -5*b + 1011. Suppose -b = -6*o + 125. Is o prime?
False
Let g = -1245 + -3835. Let b be g/(-24) + (-2)/3. Suppose 0*x = -x + b. Is x a prime number?
True
Let p(d) = 171*d - 16. Let x = -32 + 37. Is p(x) composite?
False
Is 102/17 + (388 - 0) prime?
False
Let r be 2*18/60 - 114/(-10). Let h(x) = 90*x**2 - 24*x - 17. Is h(r) composite?
True
Suppose -4445 = -h - 3*p + 2*p, -5*h + 22257 = -3*p. Is h a prime number?
False
Suppose 0 = -55*k + 56*k - 2. Suppose 2*n = 4*i + 7*n + 1, 3*i - 3*n - 6 = 0. Is k*(i - 627/(-6)) prime?
True
Is (2*(-5)/(-30))/(6/197082) a prime number?
True
Let z = 18 + 1989. Suppose 5*h + 272 - z = 0. Is h composite?
False
Let b = -11 - -13. Suppose -l = 3*o - o + 2, b*l = 4. Is 47 + 2 - (-6)/o a prime number?
False
Let c(v) = -320*v**2 + 15*v - 5. Let h(o) = 64*o**2 - 3*o + 1. Suppose 5*k + 10 = 65. Let a(q) = k*h(q) + 2*c(q). Is a(-2) a prime number?
True
Suppose -2*n = 5*s - 8209, 0 = 2*s - 12*n + 11*n - 3289. Is s composite?
True
Let z(f) = -90*f**2 - f + 1. Let l be z(1). Let y = l - -166. Let c = 114 - y. Is c a prime number?
False
Let f be (-4 - 28/(-6))*-258. Let a = 617 + f. Suppose -70 = -5*y + a. Is y composite?
False
Let s be (-4 - -4)/4 - -5. Suppose s*l - 1103 = -u, 3*l - 655 = -0*u - 4*u. Is l composite?
True
Let n = 141099 + -96172. Is n a prime number?
True
Suppose 3*f = -0*f + 30. Let r = 135 + f. Is r prime?
False
Is (4556 - -2) + (-4)/((-24)/6) a prime number?
False
Let z = 14678 + -10287. Suppose -3*v + 4421 = c, -z = -c - v + 4*v. Is c composite?
True
Let d(u) = 5*u**2 + 12*u + 51. Is d(20) a prime number?
False
Let x(d) = d - 4. Let s be x(10). Suppose s*j = j. Suppose j = i - 10 - 421. Is i prime?
True
Let f(c) = c**2 + 6*c - 25. Let i be f(-9). Is (39918/27)/i + 6/(-27) prime?
True
Let o(m) = -795*m**3 + 12*m**2 + 42*m - 13. Is o(-4) a prime number?
True
Let w = 11 - 11. Suppose -3*f + 5*c = -565, w = -4*f + 9*f - 5*c - 935. Is f prime?
False
Suppose 5*w - 2*i - 2873 = 0, -3*w + 1643 = 2*i - 68. Is (w/(-6))/(3/(-42)) a composite number?
True
Let i be (-132)/20 - (-3)/5. Let k(x) = 7*x**2 + 9*x + 11. Let p be k(i). Let z = -120 + p. Is z prime?
True
Let m = 643 - 628. Let c be (-688)/(-6) - (-4)/(-6). Suppose -c = -3*g - m. Is g prime?
False
Let s(p) = 19*p**2 + 4*p + 8. Let r(v) = v**2 + v. Let q(g) = 4*r(g) + s(g). Is q(5) prime?
False
Let g(w) = 438*w**2 - 2*w - 3. Is g(-1) a prime number?
False
Is (((-63)/(-27))/7)/(3/11331) a composite number?
False
Let t(y) = -6*y**2 + 48*y + 6. Let c(v) = -2*v**2 + 30*v - 12. Let n(p) = -p + 1. Let g(d) = 2*c(d) + 28*n(d). Let r(u) = -8*g(u) + 5*t(u). Is r(-12) prime?
False
Let f(k) = k + 1. Let g be f(-7). Let c(l) = 7*l**2 + l - 7. Is c(g) a composite number?
False
Let a be (-2)/16 - 342/(-48). Suppose -a*v = -4*v - 3165. Is v composite?
True
Let r = -36 + 69. Suppose -4*l = x - 1, -3*x + 5*l + r = 13. Suppose w - 827 = 4*d, x*w = 3*d - 0*d + 4186. Is w prime?
True
Suppose 3349 = 3*s + 5*t, -4*s + t = -8*s + 4471. Suppose -2*r + s = -740. Is r a composite number?
False
Let v = -6 + 4. Let l be ((-13)/v*-4)/(-2). Let i = 38 + l. Is i composite?
True
Let m(b) = -b**3 - 5*b**2 - b. Let x be m(-3). Is 2/(12/(-34))*x composite?
True
Let q(w) = -361*w + 87. Is q(-14) prime?
False
Let i = 37 + -33. Is (341/(-22))/((-2)/i) a composite number?
False
Suppose -5*h + j + 6 = 0, -5*j = 4*h - 2*j - 1. Let v be h*-2*(-4376)/16. Suppose -3*c = -v - 62. Is c a prime number?
False
Suppose 13 = 3*s - 4*s - 4*l, -5*l = -5*s + 10. Is s/3 - 0 - 13220/(-6) a composite number?
False
Let u be 18332/20 + 6/15. Suppose -12*a + 5*a = -u. Is a a prime number?
True
Let n(d) be the first derivative of 12*d**3 - 9*d**2/2 + 5*d + 9. Is n(4) prime?
False
Let h = 2002 + 37. Suppose -261 = -4*r + h. Suppose 0*s = -5*s + r. Is s a composite number?
True
Let z(u) = -108*u - 2. Let r be z(-3). Suppose c = 3*c - r. Is c a prime number?
False
Let k(a) = -2979*a + 85. Is k(-2) prime?
True
Let v(w) = 458*w + 4. Let l = -5 - -6. Let z(k) = -k - 1. Let r(s) = l*v(s) + 4*z(s). Is r(1) a prime number?
False
Let z be (18/(-4))/((-6)/8). Let o = -6 + z. Suppose 2*a = -4*g + 150, o*a = -4*a + 3*g + 256. Is a prime?
True
Let u = 938 - 936. Let c = -206 - -353. Suppose -5*j + u*j = -c. Is j a composite number?
True
Let f = 19 + -19. Suppose 4*g + 4 + f = 0. Let o(u) = 154*u**2 + 1. Is o(g) prime?
False
Is 24519/(-22)*(-20)/6 composite?
True
Let z(p) be the third derivative of -p**4/24 - p**3/6 + 2*p**2. Let u(c) = -c**3 - 2*c**2 - 7*c - 12. Let b(n) = -u(n) + 5*z(n). Is b(6) a composite number?
False
Let r(i) = 192*i**2 + 48*i - 41. Is r(-8) composite?
False
Let y(b) = -63*b**3 + 2*b**2 + 4*b + 3. Let f be y(-1). Is f*10 - (1/(-1) + 0) composite?
False
Let z = 884 - -198. Suppose 3*q = q + z. Is q composite?
False
Is ((-87752)/(-42))/(4/3) prime?
True
Let i = 71432 - 14815. Is i a composite number?
True
Let w be 14/7 + 3 + -71. Let k = w + 89. Is k composite?
False
Is (-3 + 12/4)/1 + 11197 a prime number?
True
Let b = -79 + 172. Let r = 4 + b. Is r a prime number?
True
Let t = 49873 - 29108. Is t composite?
True
Let g = 1647 - 896. Is g prime?
True
Let p(t) = -19*t**3 + 3*t**2 - 1. Suppose 7 = 2*w + 11. Is p(w) a composite number?
False
Let y(p) = -p**2 - 10*p - 9. Let w be y(-9). Suppose 4*r - r - 15 = w. Suppose r*o - 67 - 12 = -4*t, -22 = -2*o - 4*t. Is o composite?
False
Let x be -2 + 11 + -8 + 3. Let q(v) be the third derivative of 3*v**5/20 - v**4/12 + 7*v**3/6 + 2*v**2. Is q(x) a prime number?
False
Let m(v) = -21*v**3 - v**2 + 1. Suppose 2*q = 3*q - 7. Suppose y - q = 2*l, -5*y - 2*l = 3*l + 25. Is m(y) composite?
True
Let h = 889 + -533. Let f = 1029 - h. Is f a composite number?
False
Suppose -k - 4 = -v - 3, -9 = 4*k + v. Let j be (12/4)/(-6)*k. Is (-309)/(-9) - j/3 a composite number?
True
Let u(w) = 29*w**3 - 20*w**2 - 50*w**3 + 13 + 5*w + 22*w**3. Is u(20) composite?
False
Let v be 1/4 - (-2)/(-8). Suppose v = z - 57 + 18. Let y = z + -20. Is y a prime number?
True
Suppose -329*r + 12136 = -321*r. Is r a prime number?
False
Suppose -5*x - 9 - 1 = -3*d, 5*d + 10 = -5*x. Suppose -3*c + 245 - 68 = d. Is c composite?
False
Let p = 21 + -4. Let u be 10/85 + 20058/p. Suppose -5*c + u = -c. Is c a prime number?
False
Suppose -2*i + 4*h = -i, 0 = i - 5*h + 3. Let t(d) = -d + 7. Let o be t(i). Let u(q) = 7*q**2 + q - 7. Is u(o) composite?
False
Let x be 3/6 - (-7)/2. Suppose -4*y + x = -3*y. Suppose 2*k = -y*k + 1338. Is k a prime number?
True
Suppose 0 = 5*v - 0*v + q - 4561, -4 = q. Is v a composite number?
True
Let p be 33/7 + 4/14. Suppose p*s = -4*w + 2199, -3*s + 4*w + 1963 = 618. Is s a composite number?
False
Suppose 3*u - 2671 = -1